+ 6*b + 2. What is the units digit of y(-3)?
0
Suppose 5*u - 360 = u. Let p = u + -52. What is the units digit of p?
8
Suppose -3*y = -y - 74. Suppose 0*i + y = 5*i + 4*c, -5*i + 43 = c. What is the units digit of i?
9
Let j be (-2 + (-1)/(-1))*0. Suppose -5*k + 2*k + 24 = j. What is the units digit of k?
8
Let x(k) = -k - 2. Let v be x(-4). Suppose -2*b - 3*b + 95 = 3*d, 2*b - 38 = -v*d. Let o = -6 + b. What is the units digit of o?
3
Suppose 2 = 5*x - 13. Let p = x + -6. What is the units digit of 2 + (-9)/(-1) + p?
8
Let n = -85 + 187. What is the hundreds digit of n?
1
Let g be (0 + -1 + 1)/3. Let s(v) be the first derivative of v**3/3 - v**2/2 + 3*v + 3. What is the units digit of s(g)?
3
Let y(r) = -3*r - 7. Suppose 2*v = 5*l + 20, 2*v - 4*l - 7 - 9 = 0. Suppose 2*i - 3 = m, -4*m - 18 = -2*i - v. What is the units digit of y(m)?
8
Let z be (-3 - 1) + 0/1. Let i = 3 + z. Let g(t) = -9*t. What is the units digit of g(i)?
9
Let h(n) = 2*n**3 - 6*n**2 - n + 22. What is the hundreds digit of h(5)?
1
Let c = -76 - -130. What is the tens digit of c?
5
Suppose -2*f = -4*d - 24 - 32, 2*d + 142 = 4*f. What is the units digit of f?
8
Let l(n) = 0 - 2 + 0 + 4*n - 2. What is the units digit of l(4)?
2
Let t = -11 - -5. Let k = 0 - t. What is the units digit of k?
6
Let j(n) = -n**2 + 8*n - 9. Let f be j(6). Suppose 11 = s - 22. Suppose 3*x - a = x + 20, 0 = 3*x - f*a - s. What is the units digit of x?
9
Suppose 8*p = 217 + 359. What is the units digit of p?
2
Let x be -37 - 2/(-2)*2. What is the tens digit of (-498)/(-21) - 10/x?
2
Let p = 55 + -96. Let t(s) = 4*s + 9. Let w be t(-9). Let q = w - p. What is the tens digit of q?
1
Let k(y) = 3*y**2 - 1. Let d = 1 + -3. Let g(w) = w**3 + 2*w**2 - 2. Let t be g(d). What is the tens digit of k(t)?
1
Let l(q) = -35*q + 10. What is the hundreds digit of l(-5)?
1
Let z(q) = 3*q - 10. Let m be z(7). Suppose 3*k - 4*w - 66 = -m, 0 = -5*k + 4*w + 105. What is the units digit of k?
5
Let i = -13 + 17. Suppose -i*p + 5*p - 7 = 0. What is the units digit of p?
7
Suppose -3*r + 311 = -4*c, 3*r = -r - c + 421. Let x = -72 + r. Suppose 5*h - x = -2*u, -4*u - 6 - 5 = -h. What is the units digit of h?
7
Let w be 6 + -1 + 1 + -1. Suppose 0 = -2*d - 0*d + 8. Suppose 5*b + d*i = 13, -w*b + 4*b - 3*i + 7 = 0. What is the units digit of b?
1
What is the units digit of (-1620)/(-117) + (-2)/(-13)?
4
Let d(l) = 5 + 14*l + 14 + l**2 - 4. Let k be d(-13). Suppose -16 = -3*z + k. What is the units digit of z?
6
Let k(n) = -3*n**3 - n**2 + n + 2. Suppose 4*a + 3 = -5. What is the units digit of k(a)?
0
Suppose 0 = -3*g + 106 + 257. What is the hundreds digit of g?
1
Suppose -2*j - 782 = -4*c, 5*j + 241 - 1226 = -5*c. What is the tens digit of c?
9
Let q(i) = 2*i + 28. What is the tens digit of q(7)?
4
Let o(u) = -2*u + 1. Let w be o(-7). Suppose -4*l + w = l. What is the units digit of -1*l/(-5)*5?
3
Suppose 59 = 2*s + 9. Suppose -4*h = f + 11, 3*h - s = -f + 8*h. Let m(l) = l**3 - 5*l**2 - l + 7. What is the units digit of m(f)?
2
Let s = 9 + -12. Let d(w) = -9*w - 1. What is the units digit of d(s)?
6
Suppose 3*m + b - 3*b - 62 = 0, -2*m = 2*b - 38. What is the tens digit of m?
2
Suppose 0 = d + 3 - 4. Let m be ((-1 - 1) + -6)/(-2). Let z = d + m. What is the units digit of z?
5
Let k(g) = -g**3 + 8*g**2 - g - 19. What is the tens digit of k(7)?
2
Let y be -2*(1 - 10/4). Suppose -4*t + 0 = -x - 15, y*x = 2*t + 5. What is the units digit of x?
5
Let l = -86 + 150. Suppose h + 32 = 3*h - k, 4*h = k + l. Suppose -d + 12 = g, -g = -0*g - d - h. What is the tens digit of g?
1
Let v(z) = z + 10. Let x be v(-3). Suppose 9*n - 10 = x*n. What is the units digit of n?
5
Let s(o) = -2*o + o - 5*o. What is the units digit of s(-1)?
6
Let m(h) = 6*h - 32*h**3 + 7 + h**2 - 6 - 4*h. What is the tens digit of m(-1)?
3
Let a be 13/2 + (-2)/4. Suppose -m = m - a. Suppose -m*u + 13 + 8 = 0. What is the units digit of u?
7
Let d = -21 + 22. What is the units digit of d - (4 + (1 - 34))?
0
Suppose -3*u + 2*z - 472 = -3*z, 5*z = -2*u - 273. Let k = -106 - u. What is the units digit of k?
3
Suppose 0 = 5*j + c + 28, -c - 1 = -3. Let q(v) = -v**2 - 8*v - 8. Let w be q(j). What is the units digit of 13 - w - 2/1?
7
Let h be (-4)/(-14) + 30/(-7). Let r = -4 - h. Suppose -2*j = 4*o + 2, 5*j - 2 = -r*j - 3*o. What is the units digit of j?
1
Let u(s) = -4*s. Let i be u(-8). Let w = -21 + i. What is the tens digit of w?
1
Let p be ((-8)/(-12))/((-4)/6). Let c(v) = -13*v. What is the units digit of c(p)?
3
Let z = 20 - -77. What is the tens digit of z?
9
Let r be -2*((-420)/8)/7. Let u = 6 + r. What is the tens digit of u?
2
Suppose 2*q - 4*v - 32 = 0, -2*v + 94 = -0*q + 4*q. Let s = q + -21. What is the units digit of s?
1
Suppose 0 = 3*m + 2*g - 35 - 5, -3*g - 3 = 0. Suppose 2*c + 2*r - 22 = 0, c + r - m = -3*r. What is the units digit of c?
0
Let t = -62 - -104. Suppose -t = 5*a + 8. Let m = 25 + a. What is the units digit of m?
5
Let y(b) be the second derivative of 3*b - 1/2*b**4 + 0 + 0*b**2 - 1/20*b**5 - 1/3*b**3. What is the tens digit of y(-6)?
1
Let a(r) = -r**3 + 3*r**2 - 1. Let v be a(3). Let j be -1 + 0/v + 5. Suppose -5*o - j = -29. What is the units digit of o?
5
Let n(l) = -l**3 + 2*l**2. Let y be n(1). What is the units digit of (-12)/(-4 + 2/y)?
6
Suppose -18 = -2*f - 2*h, 8*f + 3*h = 4*f + 34. What is the units digit of f?
7
Suppose -6*y + 6 = -4*y, 0 = -3*c + y + 264. What is the units digit of c?
9
Suppose 0 = 3*i - 10 - 59. What is the units digit of i?
3
Suppose -2*q - 2 = -6. Suppose b - 1 = t + 7, 5*t + 5 = -q*b. Suppose 0*m - 45 = -b*m. What is the units digit of m?
9
Let y = 655 - 399. What is the hundreds digit of y?
2
Suppose -5*h + x = 6*x - 920, -x - 556 = -3*h. What is the units digit of h?
5
Let j(b) = -4*b. What is the units digit of j(-6)?
4
What is the units digit of (-4)/10*(-20 - 0)?
8
Let b(g) = g + 2. Let z be b(-5). Let v(f) = f**2 - f + 1. Let d(i) = 2*i**2 - 4*i. Let q(u) = -d(u) + 3*v(u). What is the units digit of q(z)?
9
Suppose 3*p + 119 = -0*n + 4*n, p = -4*n + 99. Let x be ((-17)/2)/((-7)/(-14)). Let q = x + n. What is the units digit of q?
9
Let x(l) = 22*l - 24. What is the hundreds digit of x(6)?
1
Suppose 4*f + 13 + 11 = 0. Let k = f - -11. Suppose 2*b = k*b - 6. What is the units digit of b?
2
Let i(r) = -r**3 + 3. Let k be i(0). Suppose -k*u + 11 - 2 = 0. Let j = u - 2. What is the units digit of j?
1
Suppose 6*r + 296 = 10*r. What is the units digit of r?
4
Let r(q) = -q - 1. Let z be r(-1). Suppose z*t - 2*t = 5*l, -3 = l + t. What is the units digit of l?
2
Let l(x) = x**2. Let c be l(-3). Suppose 4*f + 5*q = c, 0 = 3*f - 2*q - 20 - 4. What is the units digit of f?
6
Suppose 3*j - 4 = 5. Let m = j - 1. Suppose -m = -2*z + 8. What is the units digit of z?
5
Suppose -3*k + 259 + 122 = 0. What is the units digit of k?
7
Let q = 0 + 2. Suppose q*b = b + 13. Let d = b + -7. What is the units digit of d?
6
Suppose 4*l + 4*t + 40 = 0, -6*l - 5*t - 38 = -3*l. Let a = l + 27. What is the tens digit of a?
2
Let x = -7 + 11. Suppose -x*r = w - 22, -w + 2*r = -0*w - 28. What is the tens digit of w?
2
Let v(p) = -p**2 - 4*p + 2. Let h(i) = i**2 + 4*i - 2. Let b(f) = -4*h(f) - 3*v(f). Let k be b(-6). What is the units digit of (4/5)/(k/(-125))?
0
Let o(h) = -h**2 + 19*h + 17. What is the tens digit of o(13)?
9
Let h(y) = y**3 - 8*y**2 - 2*y - 15. What is the tens digit of h(9)?
4
Let r(k) = 5*k**2 - 2*k + 7. What is the units digit of r(3)?
6
Let z = 11 + -13. What is the units digit of 23/1 + z/(-1)?
5
Suppose -2*q = 4*m - 234, 0 = 2*m - 2*q - 94 - 32. What is the units digit of m?
0
Let c be 28/(-6) - (-16)/24. Let z be 0*((-10)/c - 3). Suppose 0 = -2*s + y + 10, 4*s + z*y - 12 = -2*y. What is the units digit of s?
4
Suppose 3*q - 8 = 2*r, 2*q + 10 = 5*r - 3. Suppose -4 = 5*k + q. Let y = 20 + k. What is the units digit of y?
8
Let w(o) = 21*o**2 - 1. What is the units digit of w(2)?
3
Suppose -4*m - 14 = -3*w, -w - w + 8 = -2*m. Let b = -5 + 2. What is the units digit of m/(-1) - 3*b?
1
Let j = 1 - 8. Let n = -6 - j. What is the units digit of n?
1
What is the tens digit of 6/10 - (-262)/5 - -1?
5
Let s(i) = -2*i + 1. Let a be s(-2). Let n = a - 5. Suppose b - 6 = -n. What is the units digit of b?
6
Let h 